s divided by 36.
33
What is the remainder when 55 is divided by 14?
13
What is the remainder when 781 is divided by 382?
17
Calculate the remainder when 62 is divided by 18.
8
What is the remainder when 41 is divided by 14?
13
Calculate the remainder when 319 is divided by 16.
15
Calculate the remainder when 1332 is divided by 134.
126
What is the remainder when 2797 is divided by 2794?
3
Calculate the remainder when 324 is divided by 82.
78
What is the remainder when 38 is divided by 9?
2
What is the remainder when 1423 is divided by 109?
6
Calculate the remainder when 20798 is divided by 31.
28
Calculate the remainder when 426 is divided by 31.
23
Calculate the remainder when 286 is divided by 36.
34
Calculate the remainder when 154 is divided by 26.
24
What is the remainder when 4965 is divided by 73?
1
Calculate the remainder when 86 is divided by 11.
9
What is the remainder when 79 is divided by 9?
7
What is the remainder when 366 is divided by 8?
6
What is the remainder when 60 is divided by 20?
0
What is the remainder when 7082 is divided by 3541?
0
Calculate the remainder when 201 is divided by 26.
19
What is the remainder when 4693 is divided by 77?
73
What is the remainder when 344 is divided by 39?
32
What is the remainder when 5287 is divided by 28?
23
Calculate the remainder when 56 is divided by 22.
12
Calculate the remainder when 592 is divided by 46.
40
Calculate the remainder when 50 is divided by 27.
23
Calculate the remainder when 25498 is divided by 34.
32
Calculate the remainder when 245 is divided by 36.
29
What is the remainder when 65 is divided by 19?
8
What is the remainder when 78 is divided by 20?
18
What is the remainder when 586 is divided by 195?
1
Calculate the remainder when 2616 is divided by 97.
94
Calculate the remainder when 3199 is divided by 8.
7
What is the remainder when 282 is divided by 22?
18
Calculate the remainder when 213 is divided by 12.
9
What is the remainder when 78 is divided by 4?
2
What is the remainder when 689 is divided by 77?
73
What is the remainder when 1435 is divided by 160?
155
What is the remainder when 1714 is divided by 28?
6
What is the remainder when 226 is divided by 84?
58
What is the remainder when 207 is divided by 63?
18
What is the remainder when 31 is divided by 4?
3
Calculate the remainder when 186 is divided by 174.
12
Calculate the remainder when 85 is divided by 29.
27
What is the remainder when 4146 is divided by 65?
51
What is the remainder when 343 is divided by 86?
85
What is the remainder when 707 is divided by 79?
75
Calculate the remainder when 236 is divided by 15.
11
What is the remainder when 2665 is divided by 191?
182
Calculate the remainder when 789 is divided by 18.
15
Calculate the remainder when 70 is divided by 12.
10
What is the remainder when 1312 is divided by 45?
7
Calculate the remainder when 71 is divided by 21.
8
What is the remainder when 6443 is divided by 18?
17
What is the remainder when 2402 is divided by 52?
10
Calculate the remainder when 238 is divided by 5.
3
Calculate the remainder when 3490 is divided by 36.
34
What is the remainder when 160 is divided by 64?
32
What is the remainder when 94 is divided by 14?
10
Calculate the remainder when 719 is divided by 60.
59
What is the remainder when 55 is divided by 19?
17
Calculate the remainder when 780 is divided by 231.
87
Calculate the remainder when 648 is divided by 43.
3
Calculate the remainder when 330 is divided by 44.
22
Calculate the remainder when 2090 is divided by 66.
44
Calculate the remainder when 38 is divided by 7.
3
Calculate the remainder when 351 is divided by 44.
43
Calculate the remainder when 6983 is divided by 12.
11
What is the remainder when 1170 is divided by 17?
14
Calculate the remainder when 1340 is divided by 150.
140
What is the remainder when 5808 is divided by 35?
33
What is the remainder when 2879 is divided by 96?
95
What is the remainder when 3013 is divided by 108?
97
Calculate the remainder when 1036 is divided by 8.
4
What is the remainder when 1664 is divided by 830?
4
What is the remainder when 3608 is divided by 129?
125
What is the remainder when 885 is divided by 50?
35
Calculate the remainder when 70 is divided by 27.
16
Calculate the remainder when 2866 is divided by 151.
148
What is the remainder when 481 is divided by 76?
25
What is the remainder when 1860 is divided by 7?
5
What is the remainder when 76 is divided by 9?
4
Calculate the remainder when 850 is divided by 172.
162
What is the remainder when 3264 is divided by 60?
24
What is the remainder when 2718 is divided by 898?
24
Calculate the remainder when 3963 is divided by 264.
3
What is the remainder when 1755 is divided by 36?
27
What is the remainder when 1395 is divided by 417?
144
What is the remainder when 192 is divided by 44?
16
Calculate the remainder when 717 is divided by 9.
6
What is the remainder when 315 is divided by 11?
7
Calculate the remainder when 307 is divided by 18.
1
What is the remainder when 1307 is divided by 335?
302
Calculate the remainder when 434 is divided by 23.
20
What is the remainder when 83 is divided by 12?
11
What is the remainder when 121 is divided by 115?
6
What is the remainder when 723 is divided by 56?
51
What is the remainder when 3248 is divided by 74?
66
Calculate the remainder when 278 is divided by 71.
65
What is the remainder when 560 is divided by 118?
88
What is the remainder when 572 is divided by 19?
2
Calculate the remainder when 835 is divided by 38.
37
What is the remainder when 13079 is divided by 8?
7
Calculate the remainder when 196 is divided by 41.
32
Calculate the remainder when 71 is divided by 43.
28
What is the remainder when 119 is divided by 15?
14
What is the remainder when 430 is divided by 21?
10
What is the remainder when 243 is divided by 77?
12
Calculate the remainder when 9955 is divided by 249.
244
Calculate the remainder when 183 is divided by 52.
27
What is the remainder when 69 is divided by 42?
27
Calculate the remainder when 3732 is divided by 44.
36
What is the remainder when 195 is divided by 51?
42
Calculate the remainder when 37195 is divided by 68.
67
What is the remainder when 1361 is divided by 112?
17
Calculate the remainder when 130 is divided by 72.
58
Calculate the remainder when 87 is divided by 13.
9
Calculate the remainder when 699 is divided by 28.
27
Calculate the remainder when 400 is divided by 59.
46
What is the remainder when 968 is divided by 57?
56
What is the remainder when 42 is divided by 28?
14
What is the remainder when 116 is divided by 42?
32
What is the remainder when 115 is divided by 15?
10
Calculate the remainder when 2905 is divided by 55.
45
Calculate the remainder when 155 is divided by 13.
12
What is the remainder when 75 is divided by 6?
3
Calculate the remainder when 142 is divided by 49.
44
What is the remainder when 53 is divided by 10?
3
Calculate the remainder when 257 is divided by 130.
127
Calculate the remainder when 732 is divided by 201.
129
Calculate the remainder when 81 is divided by 78.
3
Calculate the remainder when 1116 is divided by 32.
28
Calculate the remainder when 254 is divided by 79.
17
Calculate the remainder when 260 is divided by 125.
10
Calculate the remainder when 88 is divided by 23.
19
Calculate the remainder when 346 is divided by 175.
171
Calculate the remainder when 58 is divided by 33.
25
Calculate the remainder when 1355 is divided by 40.
35
Calculate the remainder when 327 is divided by 58.
37
Calculate the remainder when 134 is divided by 56.
22
What is the remainder when 5165 is divided by 2578?
9
What is the remainder when 584 is divided by 71?
16
What is the remainder when 418 is divided by 135?
13
Calculate the remainder when 1150 is divided by 567.
16
Calculate the remainder when 97 is divided by 43.
11
What is the remainder when 78 is divided by 42?
36
Calculate the remainder when 1372 is divided by 25.
22
What is the remainder when 11341 is divided by 5663?
15
What is the remainder when 1816 is divided by 301?
10
Calculate the remainder when 135 is divided by 47.
41
What is the remainder when 1457 is divided by 94?
47
What is the remainder when 756 is divided by 23?
20
What is the remainder when 132 is divided by 38?